167, 457
List the prime factors of 7405367.
47, 157561
List the prime factors of 3932026.
2, 7, 280859
List the prime factors of 301701.
3, 19, 67, 79
What are the prime factors of 108805?
5, 47, 463
What are the prime factors of 788060?
2, 5, 7, 13, 433
List the prime factors of 20265440.
2, 5, 13, 9743
What are the prime factors of 6700546?
2, 3350273
What are the prime factors of 372577?
23, 97, 167
List the prime factors of 19559949.
3, 19, 29, 11833
List the prime factors of 287467.
157, 1831
What are the prime factors of 205708?
2, 51427
What are the prime factors of 2742082?
2, 7, 195863
What are the prime factors of 668216?
2, 101, 827
List the prime factors of 36730473.
3, 13, 317, 2971
List the prime factors of 5186640.
2, 3, 5, 21611
List the prime factors of 211704.
2, 3, 8821
List the prime factors of 156351.
3, 13, 19, 211
List the prime factors of 467973.
3, 11, 29, 163
List the prime factors of 677617.
467, 1451
What are the prime factors of 13037467?
41, 317987
List the prime factors of 1878952.
2, 234869
List the prime factors of 7466043.
3, 13, 17, 11261
List the prime factors of 59573.
41, 1453
List the prime factors of 17711424.
2, 3, 97, 317
What are the prime factors of 715784?
2, 131, 683
List the prime factors of 6630273.
3, 13, 61, 929
List the prime factors of 13706881.
13706881
List the prime factors of 415335.
3, 5, 27689
List the prime factors of 1199061.
3, 17, 461
List the prime factors of 1156798.
2, 578399
List the prime factors of 139187.
139187
List the prime factors of 90533.
90533
List the prime factors of 38317.
38317
List the prime factors of 241212.
2, 3, 20101
List the prime factors of 73908.
2, 3, 2053
List the prime factors of 4788278.
2, 11, 23, 9463
What are the prime factors of 171174?
2, 3, 47, 607
What are the prime factors of 1153703?
23, 103, 487
List the prime factors of 6767326.
2, 17, 199039
What are the prime factors of 21352817?
1579, 13523
What are the prime factors of 9056858?
2, 4528429
List the prime factors of 266025.
3, 5, 3547
What are the prime factors of 160236?
2, 3, 4451
List the prime factors of 3517495.
5, 703499
What are the prime factors of 2219989?
349, 6361
List the prime factors of 9606160.
2, 5, 120077
What are the prime factors of 7466667?
3, 13, 191453
What are the prime factors of 910712?
2, 11, 79, 131
List the prime factors of 3514370.
2, 5, 351437
List the prime factors of 225849.
3, 13, 5791
List the prime factors of 4965752.
2, 11, 73, 773
What are the prime factors of 465662?
2, 157, 1483
What are the prime factors of 746737?
746737
List the prime factors of 2267551.
11, 13, 101, 157
List the prime factors of 71770.
2, 5, 7177
What are the prime factors of 3359722?
2, 181, 9281
What are the prime factors of 231946?
2, 11, 13, 811
What are the prime factors of 6288528?
2, 3, 131011
List the prime factors of 1156183.
7, 331, 499
What are the prime factors of 725999?
725999
List the prime factors of 4238416.
2, 7, 13, 41, 71
What are the prime factors of 160945?
5, 32189
List the prime factors of 23146931.
23146931
List the prime factors of 4768487.
19, 113, 2221
List the prime factors of 763305.
3, 5, 151, 337
List the prime factors of 4520463.
3, 739, 2039
What are the prime factors of 22841534?
2, 19, 601093
List the prime factors of 1325856.
2, 3, 7, 1973
List the prime factors of 546658.
2, 7, 39047
List the prime factors of 6137504.
2, 23, 31, 269
List the prime factors of 4253979.
3, 1417993
List the prime factors of 31246104.
2, 3, 1301921
List the prime factors of 1950512.
2, 17, 71, 101
List the prime factors of 29745.
3, 5, 661
What are the prime factors of 968174?
2, 41, 11807
List the prime factors of 1236908.
2, 29, 10663
List the prime factors of 27482.
2, 7, 13, 151
List the prime factors of 131032.
2, 11, 1489
List the prime factors of 6544268.
2, 1636067
List the prime factors of 41062637.
7, 11, 29, 37, 71
List the prime factors of 1579558.
2, 409, 1931
List the prime factors of 7624159.
911, 8369
What are the prime factors of 870297?
3, 23, 12613
What are the prime factors of 1159710?
2, 3, 5, 29, 31, 43
List the prime factors of 1704470.
2, 5, 170447
What are the prime factors of 325871?
7, 13, 3581
What are the prime factors of 4814863?
4814863
List the prime factors of 8367691.
89, 149, 631
What are the prime factors of 373659?
3, 11, 13, 67
List the prime factors of 16343474.
2, 7, 1167391
What are the prime factors of 747745?
5, 17, 19, 463
List the prime factors of 1015398.
2, 3, 19, 2969
What are the prime factors of 455473?
455473
List the prime factors of 1830702.
2, 3, 463, 659
What are the prime factors of 638200?
2, 5, 3191
List the prime factors of 8339621.
8339621
List the prime factors of 231521.
127, 1823
What are the prime factors of 7142230?
2, 5, 714223
List the prime factors of 572964.
2, 3, 7, 19, 359
What are the prime factors of 785091?
3, 261697
List the prime factors of 341021.
23, 14827
List the prime factors of 62535.
3, 5, 11, 379
What are the prime factors of 343315?
5, 7, 17, 577
List the prime factors of 821756.
2, 13, 15803
What are the prime factors of 1001803?
11, 61, 1493
List the prime factors of 1424686.
2, 71, 79, 127
List the prime factors of 143421.
3, 47807
List the prime factors of 185247.
3, 2287
List the prime factors of 9448483.
11, 858953
List the prime factors of 1192197.
3, 587, 677
List the prime factors of 8855159.
19, 466061
List the prime factors of 111787.
13, 8599
What are the prime factors of 1260662?
2, 13, 48487
What are the prime factors of 30138566?
2, 293, 51431
What are the prime factors of 92718?
2, 3, 17, 101
What are the prime factors of 91291?
91291
List the prime factors of 1931987.
1931987
What are the prime factors of 38503883?
11, 3500353
List the prime factors of 475667.
409, 1163
List the prime factors of 575143.
31, 18553
List the prime factors of 1323624.
2, 3, 131, 421
List the prime factors of 52995.
3, 5, 3533
List the prime factors of 19483.
19483
List the prime factors of 3630769.
3630769
What are the prime factors of 4280675?
5, 7, 61, 401
What are the prime factors of 424929?
3, 197, 719
List the prime factors of 117480.
2, 3, 5, 11, 89
What are the prime factors of 356779?
17, 31, 677
What are the prime factors of 365747?
365747
List the prime factors of 2056190.
2, 5, 205619
List the prime factors of 490024.
2, 61253
List the prime factors of 1057599.
3, 117511
What are the prime factors of 18714828?
2, 3, 11, 12889
List the prime factors of 2299002.
2, 3, 107, 3581
List the prime factors of 14570.
2, 5, 31, 47
List the prime factors of 162747.
3, 13, 107
What are the prime factors of 325263?
3, 108421
What are the prime factors of 940583?
7, 134369
What are the prime factors of 5770796?
2, 73, 19763
What are the prime factors of 57951?
3, 47, 137
List the prime factors of 597886.
2, 298943
List the prime factors of 1173172.
2, 7, 11, 13, 293
What are the prime factors of 2141325?
3, 5, 31, 307
What are the prime factors of 6237559?
1559, 4001
List the prime factors of 286203.
3, 95401
What are the prime factors of 1611926?
2, 877, 919
What are the prime factors of 118867?
7, 16981
List the prime factors of 1120869.
3, 124541
List the prime factors of 818547.
3, 23, 11863
What are the prime factors of 6148139?
6148139
What are the prime factors of 17566265?
5, 3513253
What are the prime factors of 18146131?
3163, 5737
What are the prime factors of 4913803?
47, 104549
What are the prime factors of 188236?
2, 47059
List the prime factors of 1616186.
2, 11, 13, 5651
What are the prime factors of 12020544?
2, 3, 41, 509
What are the prime factors of 475555?
5, 95111
What are the prime factors of 71761?
71761
List the prime factors of 94325.
5, 7, 11
List the prime factors of 15276882.
2, 3, 857, 2971
List the prime factors of 294673.
294673
What are the prime factors of 142581?
3, 47527
What are the prime factors of 457730?
2, 5, 7, 13, 503
List the prime factors of 29265141.
3, 947, 10301
List the prime factors of 2055097.
11, 19, 9833
List the prime factors of 4261188.
2, 3, 355099
What are the prime factors of 289590?
2, 3, 5, 7, 197
What are the prime factors of 1397807?
151, 9257
List the prime factors of 86355.
3, 5, 19, 101
List the prime factors of 551853